= 3*j + 2*o + o, 3*o = 3*j + 66. Let x be p(j). Let q(d) = -d**2 - d + 1. Calculate q(x).
-29
Let c(v) = -2*v**3 + v**2 + 8*v - 20. Let f(a) = a**3 - a**2 - 4*a + 9. Let x(p) = -2*c(p) - 5*f(p). Suppose -7 = -4*l + 9. What is x(l)?
-5
Let m(b) = -b - 1. Let x(g) = 1. Let w(v) = -2*m(v) - x(v). Let o = -15 + 10. Let d = o - -8. Give w(d).
7
Suppose u = 4*m - 4 + 3, -4*m = -3*u - 11. Let a be 0 - (-2 + (-15)/u). Let w(f) = -4 + 4 + 1 - 8*f**2 + f. Give w(a).
-8
Suppose 13*h - 10*h + 156 = 0. Let m = -41 - h. Let f = -9 + m. Let j(g) = -g**2 + 3*g - 1. Calculate j(f).
1
Let m(v) = v**3 + 43*v**2 + 36*v - 263. Let t be m(-42). Let b(y) = -y**3 - 12*y**2 - 12*y - 15. What is b(t)?
-4
Let z(u) = -u**2 + 8*u + 7. Let g = -2651 - -2658. Calculate z(g).
14
Let y(f) = f**3 - 3*f - 1. Suppose -5*v - 3*z - 3 = 0, -57*v - 20 = -53*v - 2*z. Give y(v).
-19
Let k(u) be the third derivative of -u**6/120 - 7*u**5/30 + u**4/6 + 49*u**3/6 - 5*u**2 - 27*u + 9. Determine k(-14).
-7
Let s(i) = -45 - 10*i - 60 + 20 - 2*i - 47. Give s(-11).
0
Let n(x) = -x - 10. Let k = 32 + -25. Suppose k*y + 3 = 8*y. Suppose 4 - y = s - 3*r, 0 = -2*s + 3*r - 4. What is n(s)?
-5
Let j(t) be the first derivative of -4*t + 11. Let y(g) = 2. Let l(v) = 2*j(v) + 2*y(v). Let w(d) = -d + 4. Let h(i) = 4*l(i) + 3*w(i). What is h(3)?
-13
Let o(r) = -1. Let d(l) = -2*l + 3. Let p(t) = d(t) + 4*o(t). Let q be (7 - (-549)/(-45)) + 1/5. Let m be 3/2*(10/(-3))/q. Calculate p(m).
-3
Suppose 0 = z + 4*z. Let y(h) = 115280*h + 4 - 230550*h + 115270*h + 25 + h**2 - 9. Calculate y(z).
20
Let k(g) = -g**2 - 11*g - 14. Let z be k(-8). Let v be ((-2)/(-4))/(z/40). Let r be -3 + (v + -2)/(-3 + 2). Let y(h) = h**3 + 3*h**2 + 2*h - 4. Give y(r).
-10
Let q be ((-2)/4)/((-234)/4212). Let f(u) = -u + 45. Give f(q).
36
Let z(f) = -11*f**2 + 9*f - 8. Let h be z(1). Let m(t) = -9*t**2 - 12*t**2 + 2*t + 18*t**2 - 14*t - t**3 - 8*t**2 - 12. What is m(h)?
8
Let u(w) = 5*w - 5. Let z(k) = -k**3 - 65*k**2 + 50*k - 1060. Let p be z(-66). Determine u(p).
-25
Let l = -13 + 5. Let o(p) = 21*p**2 + 1210*p + 169. Let b(c) = -c**2 - 57*c - 8. Let s(w) = -85*b(w) - 4*o(w). What is s(l)?
28
Suppose 5*a + 17 = -3*n, 2*a - 4*n + 12 = -0*n. Let v be 2 + 0 - (12 + -24). Let k(d) = 5*d + 45 - 40 + 6*d - d**2 - v*d. Calculate k(a).
1
Let x(c) be the first derivative of c**3/3 - 23*c**2/2 + 56*c + 2367. Determine x(20).
-4
Let d(v) = -67*v - 530. Let b be d(-8). Let j(k) = 10*k**2 - 5*k - 6. Let p(x) = 3*x**2 - 2*x - 2. Let r(g) = 4*j(g) - 14*p(g). Give r(b).
-20
Let r(m) = -m - 1. Let v(n) = 6*n - 16. Suppose 3*l - 7 + 67 = 0. Let b(f) = l*r(f) + 2*v(f). Let w(t) = 13*t - 5. Let i(u) = -5*b(u) + 12*w(u). Give i(1).
-4
Let n(m) = 3*m + 266 + 261 - 520. What is n(8)?
31
Let x(m) = 34*m**3 - 5*m - 1. Let v(z) = 4 + 10 - 14 + z. Let o(u) = -5*v(u) - x(u). Calculate o(1).
-33
Let i(f) = 28*f**2 - f. Suppose -34 = -19*b + 61. Suppose b = -2*g + 19*r - 22*r, -r - 1 = 0. What is i(g)?
29
Suppose 0 = -12*i + 105 + 51. Let f(k) = -11*k - 6 + i + 2 + k**2. What is f(12)?
21
Let t(z) = z**3 + 5*z**2 + 4*z - 1. Let u be t(-2). Let x(v) = -6*v**3 - 1 - v**2 + 10*v + 5*v**u - 8*v. Let p be 1/2*(-3 - -5). Give x(p).
-1
Let y(l) = l**3 - 5*l**2 + 54*l - 201. Let o be y(4). Let w(q) be the third derivative of q**5/15 + q**4/24 + 2*q**2. What is w(o)?
3
Let z(u) = -u**3 - 31*u**2 + u + 38. Let a(q) = q**2 - 12*q + 1. Let v be a(8). Let f be z(v). Let j(b) = b**3 - 8*b**2 + 7*b + 2. Determine j(f).
2
Let y(b) = b**3 + 2 - 12*b - 12*b - 38*b**2 + 15*b**2 - 6 + 1. Give y(24).
-3
Suppose 3*t = -5*m - 17, -2*m + 3*t + 6 = t. Let a(d) = d**3 - 14*d**2 - 12*d - 42. Let h be a(15). Let o(p) = 2*p + 3 - p - 2*p**h + 10 - 12. Give o(m).
2
Suppose -5*s + 10*s = 15. Let l = 497 + -499. Let m(c) = -27*c**2 + 15*c - 26. Let q(y) = -5*y**2 + 3*y - 5. Let b(g) = l*m(g) + 11*q(g). What is b(s)?
-3
Let t(f) be the second derivative of -45*f**4/4 - f**3/2 - 3*f**2/2 - 55*f - 18. Calculate t(-1).
-135
Let d(u) be the first derivative of -3*u**2/2 - 4*u + 55. Let x = 2 - -3. Let t be x/2*(7 + -5). What is d(t)?
-19
Suppose 131*y - 275*y = -113*y - 155. Let i(p) = 7*p**2 - 36*p - 1. Calculate i(y).
-6
Let p(g) = 20*g - 7*g + 2 - 12*g - 1. Suppose 0 = -2*h + 18. Let y be (-204)/54 - 2/h. Give p(y).
-3
Suppose 2 + 24 = 13*z. Let u(d) = d**2 - 7*d + 2 - 2*d**z - 3 + 5. Give u(-8).
-4
Let n(r) = -3*r**2 + r - 1. Let a be (-7 - -30*60/252)*7. Give n(a).
-3
Let u be 1*(0 + -1)*4 - 2. Let t(z) be the third derivative of -z**6/120 - 7*z**5/60 - 5*z**4/24 + 7*z**3/6 - z**2 - 84*z. Determine t(u).
1
Let f(w) = -3*w**2 + 20*w - 9. Let l(q) = q**2 - 7*q + 3. Let r(z) = 3*f(z) + 8*l(z). Suppose -14*c = -9036 + 8952. What is r(c)?
-15
Let x(a) be the first derivative of 2*a**3/3 - 20*a - 497. What is x(0)?
-20
Let y(v) = 9*v**3 + 6*v - 5. Let l(w) = -w**3 - w + 1. Let x(n) = -4*l(n) - y(n). Let h = 241 + -240. Give x(h).
-6
Let w(n) = -8*n - 1. Suppose -2*s - k = -27, 3*s - 9 = -3*k + 27. Suppose 0 = -5*t + s. Suppose 0 = -t*f + 2 - 8. Determine w(f).
15
Let p(u) = 1. Let v(q) be the third derivative of q**5/60 + q**4/4 - 3*q**3/2 + 2*q**2. Let z(a) = -3*p(a) - v(a). Let g = -4875 + 4868. Determine z(g).
-1
Suppose 63*u - 64*u = 5. Let w(m) be the first derivative of m**4/4 + 4*m**3/3 - 2*m**2 + 6*m - 166. Calculate w(u).
1
Suppose -856*p = -820*p - 756. Let b(g) = g**3 - 22*g**2 + 20*g + 32. Give b(p).
11
Let k(w) = -13*w**3 + 3*w**2 - 11*w - 23. Let o(b) = -7*b**3 + 2*b**2 - 6*b - 13. Let v be ((-126)/84)/(2/8). Let u(l) = v*k(l) + 11*o(l). Determine u(-3).
4
Suppose 0 = -5*x - 24 + 39. Let a(u) = 6 - 15*u + 38*u - 5*u**3 + 2*u**x + 4*u**3 - 14*u + 8*u**2. Calculate a(-6).
24
Let f(d) = 5*d + 3. Suppose 5*y + 84 + 72 = 4*a, -3*y - 64 = 5*a. Let m = -35 - y. Let x = m + 4. Give f(x).
-12
Let h(d) = -2*d**3 - 2*d**2 - d - 3. Suppose 42*u - 249 = 125*u. Determine h(u).
36
Suppose 81*g + 143*g + 19*g + 6804 = 0. Let i(f) = f**3 + 29*f**2 + 26*f - 58. Determine i(g).
-2
Let x(l) = -l + 7. Let v(r) = -r + 8. Let y = -158 + 164. Let z(a) = y*x(a) - 5*v(a). Let n(q) = 2*q + 4. Let j be n(-5). Calculate z(j).
8
Let p(i) = 2*i**3 - 9*i**2 + 3*i + 5. Let d(u) = 3*u**3 - 10*u**2 + 4*u + 7. Let t = -715 - -719. Let q(m) = t*p(m) - 3*d(m). Determine q(-6).
-1
Let h(w) = 3*w - 4. Let a = 60 + -77. Suppose 5*l - p + 4*p - 109 = 0, -89 = -4*l - 3*p. Let d = l + a. What is h(d)?
5
Suppose -i = -9 + 11. Let q(j) be the first derivative of -j**4/4 - j**3/3 + j**2 + 1263. Calculate q(i).
0
Let o(s) be the third derivative of -s**4/12 - 2*s**3/3 + 2084*s**2. What is o(10)?
-24
Let q(g) = -3*g**2 - 6*g - 2. Let u(r) be the second derivative of 1/6*r**4 + 2/3*r**3 - 7*r + 0 + 1/2*r**2. Let z(t) = -5*q(t) - 8*u(t). Calculate z(2).
-6
Let g be -804*(-2)/12*3. Let m be 3 + 1/(1 + -2). Let w(t) = 407*t + t**3 + 2*t**2 - 5 - g*t + 5*t**m. What is w(-6)?
1
Suppose -h = 4*f + 18, 5*f + 33 + 15 = 3*h. Let c(i) = 2*i**2 + 2*i - 21. What is c(f)?
39
Let j(q) = 1 - q + 42 - 1 - 42 - 4. Suppose 5*o - 8 + 38 = 0. Give j(o).
2
Let r(q) be the first derivative of -1/3*q**3 + 24 - 5/2*q**2 + q. Determine r(-4).
5
Let x(v) = -2*v. Let a(p) = -p**2 + 9*p + 14. Let i(d) = a(d) - 2*x(d). Let k = 30 + -16. Determine i(k).
0
Let k = -36 - -42. Let v(d) = -4*d - d**2 - k + 3*d**2 - 4*d**2 + 3*d**2. Suppose 0 = -c - 0 + 5. Give v(c).
-1
Let f(n) be the second derivative of 47*n - n**2 + 5/6*n**3 + 1/12*n**4 + 0. Give f(-6).
4
Let g be (-2)/(-6) + (-2)/6. Let r(y) = -1 + 0 + 2*y + g*y. Suppose 2*d = -5*b - 25, -382*d + 384*d = -b - 5. What is r(b)?
-11
Let c(l) = -l**3 - 9*l**2 + 70*l + 1. Let q(h) = -3*h**3 - 28*h**2 + 215*h + 2. Let r(m) = -10*c(m) + 3*q(m). Determine r(-11).
-4
Let q(l) = 49*l**2 + 10 - 48*l**2 - 6. Let t be (-30)/9*6/(-5). Determine q(t).
20
Suppose 0 = 4*a - 3*t + 9, 14 = -0*a + a - 4*t. Let d(b) = -3*b - 14. Let q be d(a). Let z(r) = 4*r - 1. Calculate z(q).
15
Let t(m) = 13*m - 1. Suppose 4*g - 8*g = 16. Let l be t(g). Let f = -57 - l. Let i(x) = x**2 + 6*x + 1. Give i(f).
-7
Let h(v) = 8*v - 45*v**2 + 0 - 2 - v + 44*v**2 + 4. Let m = 12 + 24. Let r be 9*8/m*3. Calculate h(r).
8
Let d(x) = -x**2 + 13*x - 9. Let l be d(8). Suppose -l*r + 0 + 62 = 0. Let m(g) = -3 + 2*g**2 - 4*g + 2*g + 6. Determine m(r).
